Let v = q + -25. Let c(i) = -9*i**2 - 2*i - 1. Give c(v).
-8
Let z(h) be the first derivative of 4*h**3/3 - h**2 + h - 2. Give z(2).
13
Let f(h) = 1 + 1 - h**2 + 3*h - h**3 + 2. What is f(-3)?
13
Suppose d - 4*l + 2 + 5 = 0, 4*d + 2*l = -28. Let j(w) = w + 1. What is j(d)?
-6
Suppose -5*r - 6 + 1 = 0. Let c(z) = 15*z + 1. Determine c(r).
-14
Let k be 1/5 - (-70)/25. Suppose -5*g - 14 = 3*u, -2*g - k*u - 11 = -0. Let x(n) = 4*n**3 - n - 1. Give x(g).
-4
Let u(r) be the third derivative of -r**6/120 + r**5/12 - r**4/24 + 2*r**2 - 4*r. Give u(2).
10
Let c(z) be the first derivative of 4*z - 1 + 1/2*z**2. Suppose 6 = -4*g - 6. What is c(g)?
1
Let h(k) be the first derivative of k**4/4 + 5*k**3/3 + 5*k**2/2 + 2*k + 28. Calculate h(-4).
-2
Let g(x) be the first derivative of x**5/120 + x**4/6 - 2*x**3/3 - 4. Let t(i) be the third derivative of g(i). Give t(3).
7
Let s(i) = 2*i - 9. Let c be s(7). Let d(j) = -5*j**2 + 21*j**3 + 5 + 0*j - 20*j**3 + 0 - 2*j. Give d(c).
-5
Let r be 3 - (-2)/(-2 + 4). Suppose 0 = -o - 4*a - 13, 0 = -4*o + r*a - 7 - 5. Let q(h) = h**2 + 6*h. Determine q(o).
-5
Let s(w) = -w + 1. Let x(d) be the second derivative of d**4/6 + 5*d**3/6 + 5*d**2/2 + d. Let j be x(-2). Determine s(j).
-2
Let h = -14 - -18. Suppose 8 = h*b + t, -5*b + t + 31 = -3*t. Let l(m) = -2*m + 2. What is l(b)?
-4
Let j(u) = -2*u - 2. Let l be j(1). Let c(z) = z**3 + 2 + 0*z + 0*z**3 - 2*z + 3*z**2. Give c(l).
-6
Let c(u) be the third derivative of u**6/40 - u**4/24 - u**3/3 - 4*u**2. Let h(x) be the first derivative of c(x). What is h(1)?
8
Let z(f) = -4*f**2 - 2*f - f**2 + 1 - 17*f**3 + 16*f**3. What is z(-5)?
11
Let l(n) be the second derivative of n**5/20 + n**4/4 - 4*n**3/3 - 7*n**2/2 - 5*n. Let i = -11 + 6. Determine l(i).
-17
Let n(f) be the first derivative of 2*f**3/3 + 13. Suppose 3*o - 2 = -5. Determine n(o).
2
Let f(v) = -v**3 - v - 4. Suppose -2*l - 4*n + 42 = -0*l, 3*n = 4*l - 29. Let m(i) = i**2 - 11*i. Let c be m(l). What is f(c)?
-4
Let s = 79 + -74. Let t(m) = m**3 - 6*m**2 + 6*m + 1. What is t(s)?
6
Let t(n) = 10*n**3 - 2*n**2 - n. Let k be t(-1). Let i = k - -9. Let u(f) = 4*f**2 - f**3 + 4*f + 2 + 0*f + 2*f**3. Give u(i).
2
Let r(j) be the second derivative of -j**4/6 + j**3/2 + 2*j**2 + j. Let w = -34 - -4. Let q be (w/(-25))/((-4)/(-10)). Give r(q).
-5
Let o(q) = q**3 - 16*q - 6 - 2*q**3 + 4*q + 10*q**2 + 4*q. Calculate o(9).
3
Let f be -2*(-4)/(-8)*-3. Let s(i) be the first derivative of -i**5/20 + i**4/4 + i**3/6 - i**2/2 + i + 1. Let n(z) be the first derivative of s(z). Give n(f).
2
Suppose -3*z - 2 - 10 = 3*n, -5*n - 3*z = 20. Suppose 1 = 3*i - 5. Let x(g) = -2 + 2*g + 0*g + i*g - 2*g. Give x(n).
-10
Let x(q) = -7 + 7 + 9*q**2. Let d(h) = -h**3 + 6*h**2 + 5*h + 10. Let u be d(7). Let w(j) = j + 5. Let z be w(u). Determine x(z).
9
Let f(u) = u**3 - 4*u + 3. Let d = 5 + -3. Let y be f(d). Let p(s) be the second derivative of s**4/12 - 4*s**3/3 + s**2 + 9*s. Calculate p(y).
-13
Let l(d) = -d**3 + 2*d**2 - 10*d + 3. Let p(m) = 3*m**3 - 5*m**2 + 29*m - 8. Let z(g) = 17*l(g) + 6*p(g). Give z(-4).
-13
Let f(t) = -t + 2. Let u be f(-2). Let o(j) = -2*j**2 + 3 - 5 - 2 - u*j + 3. Give o(-3).
-7
Let r(z) = 1014*z**3 - 3*z**2 + 2*z + 9*z**2 - 1013*z**3. Give r(-6).
-12
Let j(k) = k**2 - k + 4. Let t(z) = -3*z**2 + 4*z - 11. Let f(g) = -8*j(g) - 3*t(g). Suppose 1 = 5*i - 24. Give f(i).
6
Let y(d) = -3*d**2 - 2*d - 2. Let u(t) = -4*t**2 - 2*t - 2. Let s(l) = -2*u(l) + 3*y(l). Let g(v) = -v**2 + 10*v - 12. Let f be g(9). Calculate s(f).
-5
Let n(q) be the first derivative of -q**3 - 3/2*q**2 + 1/4*q**4 + 2*q - 2. Determine n(3).
-7
Let o(q) = -17*q**3 + 3*q**2 - 2*q - 2. Let n(t) = 85*t**3 - 16*t**2 + 11*t + 11. Let s(m) = -2*n(m) - 11*o(m). What is s(-1)?
-18
Let f(c) = -3*c + 2. Suppose -2*p - 5*n - 16 = 0, -5*p + n = 3*n - 2. Calculate f(p).
-4
Let t be 2 - (3/(-3) - 1). Let n(c) = 5*c + 4. Let g(l) = 4*l + 4. Let m(k) = 6*g(k) - 5*n(k). Calculate m(t).
0
Let g(r) be the third derivative of -r**5/60 + r**3/6 + 4*r**2. Calculate g(-2).
-3
Let k(g) = g**3 - 6*g**2 - 2*g + 9. Let n be 7/3*30/10. Let o = -27 - -50. Suppose -5*d + o = -n. Determine k(d).
-3
Let y(j) = -3 + 0 - 2*j + 6 - 2. Let v = -3 + 1. What is y(v)?
5
Suppose -c + 0*n = -n - 2, -4*c - n = -18. Let t(g) = -1 - g**2 + 5*g - 2*g**2 + 0*g**2 + c*g**2. What is t(-5)?
-1
Suppose -1 = 3*s - 4. Suppose 3*d = 4*d - s. Let y be (8/(-2))/(d*-2). Let x(l) = l**2 - l + 2. Determine x(y).
4
Let o = -8 + 12. Let s be 34/6 + 2/(-3). Let l(v) = v**2 - v + 1 - v - s. Determine l(o).
4
Let m(l) = -l**2 - 6*l - 6. Let b = -2 + 4. Suppose 2*f = 4*f + b*v - 2, 3*f + 32 = 4*v. Determine m(f).
2
Let s be ((-7)/2)/((-3)/18). Let b = s - 21. Let i(a) = -a**2 - a + 10. Calculate i(b).
10
Let p(x) = -x**2 - 6*x - 1. Suppose -4*a + 159 = 179. Calculate p(a).
4
Let y(j) = -j**3 - j. Let u(v) = -5*v**3 + v**2 - 6*v - 8. Let n(d) = -u(d) + 6*y(d). Suppose -p + x = 2, -3*x - x = -2*p - 8. What is n(p)?
8
Let k(t) = t**2 - 3*t + 1. Let h be k(2). Let c(n) be the third derivative of -n**6/40 + n**3/3 - 3*n**2. Let f(g) be the first derivative of c(g). Give f(h).
-9
Let o(t) = -t**2 + 4*t - 2. Let h be (-3)/(-3) - (0 + -2). Let n be o(h). Let s(b) = -5*b**2 - b. Give s(n).
-6
Let s(y) be the third derivative of y**6/120 - y**5/60 - y**4/24 - y**3/6 + 6*y**2. Determine s(0).
-1
Let q(y) be the second derivative of y**3/6 + 4*y**2 - 20*y. Give q(0).
8
Let s(o) be the third derivative of o**6/15 - o**3/6 - 8*o**2. Calculate s(1).
7
Let p(s) = -5*s**3 - s. Let b(y) = y**2 + 2*y. Let u be b(-2). Let n = -10 - -11. Suppose n = v - u*v. Determine p(v).
-6
Let l(s) be the first derivative of -s**2/2 + 5*s - 16. What is l(6)?
-1
Let k(b) = -5*b**3 + 11*b**2 - 6*b + 1. Let a(y) = y**3 - y**2 + y + 1. Let m(z) = 6*a(z) + k(z). Let l = 13 - 18. What is m(l)?
7
Let p(g) = 4*g**3 - 2*g**2 - 3*g + 8. Let i(c) = 4 - 5*c**3 + 4*c - 1 + c**2 + 0*c**3 - 12. Let s(v) = -3*i(v) - 4*p(v). Calculate s(5).
-5
Let k = -13 - -15. Let j(m) be the third derivative of 0*m - 2/3*m**3 - 2*m**k - 7/24*m**4 + 0 - 1/60*m**5. Determine j(-3).
8
Suppose 4*o = d - 13, -4*o = -5*d + 5 - 4. Let x = 3 + d. Let m(i) = -i. What is m(x)?
0
Let w(m) be the first derivative of 3*m**2/2 - 3*m + 29. What is w(3)?
6
Suppose 5*n + 1 - 6 = 0. Let h be 5 - 7 - (-1 - n). Let l(c) = -c**3 + c + 4. Determine l(h).
4
Let s(r) = -3*r**3 - 2*r**2 + r + 3. Let b(m) = m**3 - m - 1. Let x(j) = 2*b(j) + s(j). Let p = 15 - 17. Calculate x(p).
3
Let t be (-4)/3*-3 - 1. Let l = t + 0. Let f(a) = a**2 + 3 - 5*a - l - 4. Give f(6).
2
Suppose 0 = -5*d + 3*v + 10, -2*v + 14 = 5*d - 21. Let x be 1 + -2 + 1 - -3. Let c(w) = x*w - 6 - 2*w + 0*w. Calculate c(d).
-1
Suppose -2*x + 10 + 6 = 0. Let n(g) = g - 16. What is n(x)?
-8
Let r(p) be the second derivative of -p**4/12 - 7*p**3/6 - 2*p**2 + 3*p. Suppose 9 + 7 = 4*c, -4*i + 8 = 5*c. Give r(i).
8
Let l(d) = 0*d + 3*d**2 + 0*d - 4*d**2 - 5*d**3. What is l(-1)?
4
Let o(r) = -r - 3. Let w = -39 + 55. Suppose -5*n - 46 = -w. What is o(n)?
3
Let n be -2*(-3)/(-15)*-5. Let f(p) = -2*p + p - n - p + 1. What is f(1)?
-3
Let p = -5 - -9. Let z be ((-6)/p)/(9/(-12)). Let c(x) = -z*x - 5*x + 0*x - 1. Give c(1).
-8
Let p be (-3)/9 - 183/(-9). Let z = p - 21. Let q(j) = -2*j. What is q(z)?
2
Let w(b) = 3*b + b - 2*b. Let u be (-1)/(-2) - 72/(-16). Suppose -i = -u*i + 2*a, 0 = -3*a + 12. What is w(i)?
4
Let h(i) = -2*i + 0 + 0 - 2. Let f = 43 + -47. Give h(f).
6
Let w(b) be the second derivative of -b**3/6 + 3*b**2 - b. What is w(-6)?
12
Let t(i) be the second derivative of -i**5/60 + i**4/4 + i**3/2 - 7*i**2/2 - 7*i. Let o(m) be the first derivative of t(m). What is o(6)?
3
Let b(x) = 5*x - 140 - 2*x + 137. Calculate b(9).
24
Let f be 1 + 3/(0 + 1). Suppose 4*i + 4*s - 36 = 0, -3*i + 3*s = -4*i + 13. Let v(j) = -3*j**2 + 2*j**2 + 6 + 4*j - i. Calculate v(f).
-1
Let x(a) = -a + 7 + a**2 + 2 - 8 + 0. Give x(1).
1
Let m(h) = 4*h + 14*h**2 - 9*h**2 + 2 - 6*h**2. Give m(3).
5
Let u = -6 - -6. Let i = u + -2. Let x(c) = -c**3 - c**2 - c - 1. Let d(y) = y**3 - y**2 - y - 1. Let m(n) = i*d(n) + x(n). Give m(-1).
4
Let r(t) = -5*t - 2 + 8*t - 2*t. Calculate r(5).
3
Let o(q) = 10*q**2 - 2*q + 1. Let t(n) = -n**2. Let j(s) = -o(s) - 3*t(s). Let f b